at is the greatest common divisor of 546357 and 84?
21
Calculate the greatest common factor of 26240 and 225175280.
3280
What is the highest common divisor of 3609350 and 1110?
370
What is the highest common factor of 3712 and 3542408?
232
What is the greatest common divisor of 81 and 3645540?
27
Calculate the greatest common divisor of 75175984 and 832.
208
What is the highest common factor of 2983244 and 44?
44
Calculate the greatest common factor of 350900 and 902100.
100
Calculate the greatest common factor of 4292841 and 798.
399
What is the greatest common divisor of 261963 and 9087?
39
What is the greatest common divisor of 457164 and 10268?
68
Calculate the greatest common factor of 2 and 42366682.
2
Calculate the greatest common factor of 29783 and 1412619.
377
Calculate the greatest common factor of 152041591 and 29393.
4199
What is the greatest common factor of 2291583190 and 39?
13
What is the highest common divisor of 130 and 524875910?
130
What is the highest common factor of 187153987 and 179?
179
Calculate the greatest common factor of 168468 and 22624.
404
What is the greatest common divisor of 1526 and 18165686?
14
What is the greatest common divisor of 17743718 and 46552?
1058
What is the highest common divisor of 49077280 and 252?
28
Calculate the highest common factor of 73201 and 9017.
71
What is the highest common divisor of 320679 and 30044?
37
Calculate the greatest common divisor of 8933850 and 1800.
450
What is the greatest common divisor of 46167207 and 16074?
2679
What is the greatest common divisor of 279959185 and 29?
29
Calculate the highest common divisor of 52711731 and 3.
3
Calculate the greatest common divisor of 350372 and 17072.
44
Calculate the greatest common divisor of 562 and 191565287.
281
What is the highest common divisor of 6 and 334124?
2
What is the greatest common factor of 1885746 and 948930?
4038
Calculate the greatest common divisor of 66176 and 1643026.
1034
Calculate the highest common divisor of 72947 and 140377.
613
Calculate the highest common divisor of 189704 and 620632.
184
Calculate the highest common divisor of 6171 and 2423509.
121
Calculate the highest common divisor of 6461 and 4951765.
91
What is the greatest common factor of 39976 and 562294?
526
Calculate the greatest common divisor of 455 and 609742.
7
Calculate the greatest common divisor of 1497328 and 1235864.
1624
Calculate the highest common factor of 4902 and 1627566.
6
Calculate the highest common factor of 123883 and 308267.
2881
Calculate the highest common factor of 40 and 3043285.
5
What is the greatest common factor of 204943 and 6670?
29
Calculate the greatest common divisor of 49860279 and 14.
7
What is the highest common factor of 1504 and 1178035072?
1504
Calculate the greatest common factor of 152 and 27759.
19
Calculate the highest common factor of 143 and 3082755.
13
What is the greatest common factor of 1210283475 and 15?
15
Calculate the highest common divisor of 48 and 354162.
6
What is the greatest common factor of 13 and 61697441?
13
What is the highest common divisor of 12038 and 146147339?
6019
Calculate the greatest common factor of 38541188 and 280.
28
What is the highest common factor of 808944 and 648?
24
What is the highest common factor of 175 and 142877525?
175
What is the greatest common divisor of 531 and 15531691?
59
What is the highest common divisor of 168 and 175282176?
24
Calculate the greatest common factor of 876639 and 816.
51
Calculate the highest common factor of 35649 and 4714056.
2097
Calculate the highest common factor of 124620746 and 4.
2
What is the greatest common factor of 135 and 312085?
5
What is the highest common factor of 587706 and 51366?
42
What is the highest common divisor of 47 and 14884477?
47
Calculate the highest common divisor of 107925 and 7825.
25
Calculate the highest common divisor of 9834 and 26170062.
894
What is the highest common divisor of 108 and 21828?
12
Calculate the highest common factor of 554918 and 105014.
182
What is the highest common factor of 14216 and 23865110?
3554
What is the greatest common factor of 7 and 2166478790?
7
Calculate the greatest common divisor of 2762390 and 110.
10
Calculate the highest common divisor of 19625 and 41025.
25
Calculate the greatest common factor of 61270977 and 471.
471
Calculate the highest common factor of 109934 and 173052.
418
Calculate the greatest common divisor of 341667 and 1476.
9
What is the highest common divisor of 934158033 and 3?
3
Calculate the greatest common divisor of 448559 and 5553.
617
What is the greatest common divisor of 21 and 7139573?
7
What is the highest common divisor of 1153642 and 1834?
14
What is the highest common divisor of 89 and 6438972?
89
Calculate the greatest common divisor of 292008631 and 1004.
251
What is the greatest common factor of 497618764 and 111007?
8539
Calculate the highest common factor of 9984198 and 23674.
1246
Calculate the greatest common factor of 18446 and 13294.
46
What is the greatest common factor of 933 and 194748511?
311
Calculate the greatest common divisor of 4392500 and 329.
7
Calculate the highest common divisor of 1191079334 and 40641.
13547
Calculate the greatest common divisor of 10787239 and 74.
37
Calculate the greatest common factor of 178 and 1448297.
89
Calculate the highest common factor of 1821127942 and 6491.
6491
What is the greatest common divisor of 282 and 135636?
6
Calculate the greatest common factor of 2232 and 15295338.
558
Calculate the highest common factor of 1944 and 520843284.
972
Calculate the highest common divisor of 5870 and 329790.
10
What is the greatest common factor of 209 and 6025569?
11
Calculate the greatest common divisor of 1125320735 and 55.
55
What is the greatest common factor of 126 and 67028409?
63
What is the greatest common divisor of 1863404900 and 200?
100
What is the highest common factor of 506515 and 1235755?
295
Calculate the greatest common factor of 21699788 and 396.
44
Calculate the greatest common divisor of 63349290 and 397.
397
What is the highest common factor of 392064 and 9600?
384
Calculate the highest common divisor of 900 and 100639080.
180
Calculate the highest common factor of 478285 and 230.
115
Calculate the highest common divisor of 98 and 61049884.
98
Calculate the greatest common factor of 173444765 and 52.
13
What is the greatest common divisor of 46262965 and 70?
35
What is the highest common factor of 109155580 and 30?
10
What is the greatest common divisor of 9541 and 65342220?
1363
Calculate the highest common factor of 54767595 and 258.
129
Calculate the greatest common factor of 1720 and 2360485.
215
What is the greatest common factor of 7192077 and 8280?
69
What is the greatest common factor of 155868 and 754044?
372
Calculate the greatest common divisor of 1820584 and 173728.
712
What is the greatest common divisor of 192 and 222922032?
48
Calculate the greatest common divisor of 5408 and 3164694.
338
What is the highest common factor of 275261490 and 1080?
270
What is the greatest common factor of 177898 and 427322?
1834
What is the greatest common factor of 8058018 and 6?
6
What is the greatest common divisor of 10384 and 85622570?
1298
What is the greatest common divisor of 26 and 1108159?
13
Calculate the greatest common factor of 506478 and 1626198.
1302
Calculate the greatest common factor of 413728 and 592.
16
Calculate the highest common factor of 16828 and 1558994.
1202
Calculate the greatest common factor of 3706 and 3537922.
218
Calculate the greatest common divisor of 6232 and 5728766.
1558
What is the highest common divisor of 142951 and 1713658?
877
What is the greatest common divisor of 30415440 and 176?
176
What is the highest common divisor of 212860764 and 594?
54
Calculate the highest common factor of 66943988 and 1707.
569
Calculate the highest common factor of 40 and 19275370.
10
What is the greatest common factor of 1405209 and 54663?
411
Calculate the greatest common factor of 1612 and 434417074.
806
What is the highest common factor of 3430 and 129335010?
3430
What is the greatest common factor of 55650710 and 290?
290
Calculate the highest common factor of 4320860 and 45.
5
What is the highest common factor of 1598 and 74492227?
47
W